ose -12*k = -2*k - 1040. Let z = k + -7. Calculate the remainder when z is divided by 27.
16
Let r = 8039 + -7983. What is the remainder when 4479 is divided by r?
55
Let p(u) = 10*u - 47*u + 8*u**2 + 10*u - 4 + 19*u + 9*u**2. Suppose 4*r = 2*b + 114, -2*b + 2 = 4. What is the remainder when p(-2) is divided by r?
24
Suppose 0 = 4*x + 16, 10 = -5*z - x - 634. Calculate the remainder when 39 is divided by (z/(-56))/(10/35).
7
Suppose 5*w = -h + 297, -132 = -2*w - 56*h + 60*h. What is the remainder when 446 is divided by (8 - 3)*192/w?
14
Let j(s) = s**3 - 12*s**2 - 23*s + 188. Calculate the remainder when 1059 is divided by j(14).
27
Suppose -2*s + 17 = 19. Suppose -6*j - 6 + 42 = 0. What is the remainder when (-4)/6*27/s - -3 is divided by j?
3
Suppose 0*u = -u + 44. Let g = -153 + -104. Let z = g - -272. What is the remainder when u is divided by z?
14
Suppose 6*r - r - 3*i = 122, -3*r + i = -70. Suppose -r*h + 8 = -24*h, 3*l - 2*h = 167. Calculate the remainder when 211 is divided by l.
52
Suppose o - 9*c - 58 = -13*c, c = 4*o - 198. Calculate the remainder when 4698 is divided by o.
48
Suppose -3*t - 93*y + 90*y + 651 = 0, 5*y = -t + 197. What is the remainder when 736 is divided by t?
70
Calculate the remainder when 710229/455 + (-18)/(-315) is divided by 196.
189
Let g = -9228 - -9251. What is the remainder when g is divided by 32/3 - 6/9?
3
Let h = -13280 + 13522. Calculate the remainder when 983 is divided by h.
15
Suppose 5*k - 32 = 18. Calculate the remainder when (492/(-20))/((-42)/70) is divided by k.
1
Suppose -6 = 4*c - 2*n + 8, -3*n = 3*c - 3. Calculate the remainder when 228 is divided by 1 - (52/c + 6).
18
Let t(c) = 13*c + 113. What is the remainder when 1*23 + (-5)/(10/2) is divided by t(-8)?
4
Suppose 3*p - 9033 = 2727. Calculate the remainder when p/14 - (0 - 3) is divided by 19.
17
Let x = -11434 + 11512. What is the remainder when 5691 is divided by x?
75
Suppose -183*x + 217*x = 46648. Let f = -1368 + x. Let a(i) = i**2 - 3*i - 3. Calculate the remainder when a(5) is divided by f.
3
Let m = 1 + 28. Let p(q) = -q**2 - 9*q - 14. Let c be p(-2). Suppose h - 5 - 5 = c. Calculate the remainder when m is divided by h.
9
Let x(w) = -1. Let v(t) = -2*t - 16*t + 6*t + 7*t - 5. Let u(l) = -v(l) + 4*x(l). What is the remainder when 22 is divided by u(1)?
4
Let z = 5958 + -1479. Calculate the remainder when z is divided by 80.
79
Suppose -4*f + 0*f + 3*v = 16, f - 1 = 2*v. Let r be 4/14 + (-544)/f. Let s = 93 - r. What is the remainder when 59 is divided by s?
14
Suppose 0 = -p - 0*p + 152. Suppose -3*g + 79 = 2*w - 43, -155 = -4*g + 5*w. Calculate the remainder when p is divided by g.
32
Let p(d) = 4*d**2 - 8*d + 28. Let v be p(5). Suppose -5*q - 2*m - v = -7*q, 3*q + 5*m = 100. What is the remainder when q is divided by 7?
5
Let w be (2 - -1)/((-7)/(-378)). Suppose -w = 2*y - 5*y. Suppose -4*s = -2*u - 44 - 6, -3*s - u + 30 = 0. Calculate the remainder when y is divided by s.
10
What is the remainder when (68/12)/(-3 - (-1645)/546) is divided by 117?
91
Let h be (-1 - (-2)/6)/((-6)/27). Suppose -p + h = -0. Suppose 24 = 6*j - p*j. Calculate the remainder when 20 is divided by j.
4
Let o be (-12)/(-4)*(1 - 124/12). Let v(d) = -4*d**2 - 3*d + 3. Let k be v(2). Let c = k - o. What is the remainder when 21 is divided by c?
3
Suppose 3*n + 12 = 4*h, 8*h - 10*h = -3*n. Calculate the remainder when n is divided by 4.
0
Let r = -3511 - -7959. What is the remainder when r is divided by 106?
102
Let c(f) = -f**3 - f**2 - f + 82. Suppose -3*m + 6 = -3*i, -3*i = -5*m - 4 + 18. Suppose -2*n = i*n - 84. What is the remainder when c(0) is divided by n?
19
Let g(i) = 5*i**3 - 64*i**2 + 412*i - 18. Calculate the remainder when g(6) is divided by 124.
114
Let y(p) = -8*p - 4. Let c be y(-1). Suppose 2*k = -0*a - a + 107, c*k = -3*a + 215. What is the remainder when k is divided by 8?
5
Let a = 54 - 14. Let x be 22*(16/4 - 2). Let l = x - a. Calculate the remainder when 14 is divided by l.
2
Let p = 202 - 128. What is the remainder when p is divided by (-12)/14*(-1960)/112?
14
Let k(i) = -6*i**2 - 170*i - 309. What is the remainder when 2086 is divided by k(-26)?
51
Let t = 9190 - 9186. What is the remainder when 1640 is divided by t?
0
Suppose -7*h - 159*h - 30*h = -371028. What is the remainder when h is divided by 240?
213
Suppose 4*v - 461 = 11*j, 5*j = 7*v - 4*v - 206. Let w(g) = g**3 - g**2 + g + 62. Let z be w(0). Let r = z + j. What is the remainder when 31 is divided by r?
12
What is the remainder when ((-7)/14)/(16/(-7104)) is divided by 187?
35
Suppose 30*m - 152 = 22*m. Suppose m*l - 2929 = -972. Calculate the remainder when l is divided by 28.
19
Let o(f) = -77*f. Suppose 2773*r = 2784*r - 341. What is the remainder when o(-2) is divided by r?
30
Let g(i) = 14*i**3 + i**2 - i. Suppose 4*b - 7*h - 140 = 48, 4*h = 16. Calculate the remainder when b is divided by g(1).
12
Calculate the remainder when 59 is divided by (9 + -10 - -40)/1.
20
Suppose -5848 = -29*r - 5*r. What is the remainder when r is divided by (-57)/95 - 293/(-5)?
56
Suppose -165*u = -159*u - 1044. What is the remainder when u is divided by 17?
4
Let o = -231 - -250. Suppose 2*t + 19 - 59 = 0. What is the remainder when t is divided by o?
1
Let f(m) = -m. Let u(s) = 6*s. Let x(y) = -9*f(y) - u(y). Calculate the remainder when 137 is divided by x(7).
11
Suppose -204*y + 89 = 2*u - 207*y, 4*u = -y + 199. Calculate the remainder when 3719 is divided by u.
44
Let j be -1*10/(-14) + 6/21. Let a be 1/(j/20) - (7 - 7). Calculate the remainder when 48*2 + 1 - (-20 + a) is divided by 25.
22
Let c(m) = 16*m**2 - 47*m + 83. What is the remainder when 5242 is divided by c(3)?
82
Suppose 6*h - 152 = 2*h. Suppose 8*z = 2654 - 550. What is the remainder when z is divided by h?
35
Let x(k) = -2*k**3 + 82*k**2 + 6*k - 38. What is the remainder when x(41) is divided by 76?
56
Let p = 206 - 122. Let v = p + -64. Calculate the remainder when v/40 - 658/(-4) is divided by 42.
39
Let h be ((-10)/4)/(5 + (-22)/4). Suppose -6*d = -7*d + h. Suppose -d*w + 408 = -2*w. Calculate the remainder when w is divided by 35.
31
Let s(x) = x**3 - 12*x**2 - 6*x - 20. Let n be s(11). Let i = n + 230. Calculate the remainder when i is divided by 4.
3
Let i(m) = 12*m**2 + 3*m + 1. Let d(b) = b**2 + 53*b + 220. Calculate the remainder when d(-52) is divided by i(-2).
39
What is the remainder when 9234/324*(-52)/(-3) is divided by 166?
162
Suppose 0 = -10*k + 359 - 69. Suppose 3*l - k = -2*m, -29 = 2*m - 3*l - 76. Calculate the remainder when m is divided by 13.
6
Suppose 5*m + 108 = 3*z, -66*z = -70*z + 4*m + 160. Calculate the remainder when 61 is divided by z.
15
Let l be -843*(5/(-3))/(-5). Let z = -123 - l. Calculate the remainder when z/4*(-2)/(-4)*4 is divided by 40.
39
Suppose -4*c - 513*w = -511*w - 650, 0 = -4*c - 4*w + 660. What is the remainder when 346 is divided by c?
26
Suppose -4*g + 344 = n, 0 = -g - g + 2*n + 172. Suppose -g = -72*s + 71*s. What is the remainder when s is divided by 25?
11
Suppose 0 = 188*d - 362 - 498 - 80. Suppose 5*h + 3*x = 45, 2*x + 15 = 5. Calculate the remainder when h is divided by d.
2
Suppose -9*z + 4*z = 25, -2*p = -z - 25. Suppose 832 = 23*d - p*d. Calculate the remainder when d is divided by 39.
25
Suppose 0 = 2*v - 3*f - 826, 1 = -3*f + 7. Calculate the remainder when v is divided by 93.
44
Let t(p) = -p**2 + 51*p + 186. Let k be t(39). Let d = 668 - k. What is the remainder when 18 is divided by d?
4
Let u(a) = 8*a**2 - 555*a + 138. What is the remainder when u(71) is divided by 36?
17
Let v = -4 - -6. Suppose 0 = v*f - 3*t - 12, 0 = -f + 5*t + 4 + 2. Let p = 1632 - 1615. Calculate the remainder when p is divided by f.
5
Suppose 0 = -4*b - 2*k - 0*k + 70, -b - 14 = 5*k. Calculate the remainder when 3863 is divided by b.
20
Let q(r) = -4*r**3 - 6*r**2 - 9*r - 10. Let t = 209 - 146. What is the remainder when t is divided by q(-2)?
15
Suppose -z - 22 = -t, -79*z = -2*t - 76*z + 50. Calculate the remainder when 1801 is divided by t.
9
Calculate the remainder when 38/437 - (1/(-1))/(115/879395) is divided by 85.
82
Let t = 22 + -14. Suppose -17*l = -20*l + 258. Let x = l - 83. What is the remainder when t is divided by x?
2
Suppose 3203*p = 3235*p - 480. Calculate 